hen 15081 is divided by 157.
9
What is the remainder when 11093389 is divided by 455?
34
What is the remainder when 16036492 is divided by 262?
258
What is the remainder when 5898904 is divided by 5893?
11
Calculate the remainder when 34621914 is divided by 480.
474
Calculate the remainder when 338085343 is divided by 65.
63
What is the remainder when 3020843 is divided by 5553?
11
Calculate the remainder when 60345 is divided by 19530.
1755
Calculate the remainder when 161195999 is divided by 53731998.
5
Calculate the remainder when 413079 is divided by 2082.
843
Calculate the remainder when 14126745 is divided by 496.
169
Calculate the remainder when 8909147 is divided by 2742.
389
Calculate the remainder when 231200 is divided by 53.
14
What is the remainder when 351877 is divided by 516?
481
What is the remainder when 13538433 is divided by 39?
12
What is the remainder when 88747080 is divided by 130?
110
What is the remainder when 22349 is divided by 7136?
941
What is the remainder when 1245010 is divided by 415000?
10
Calculate the remainder when 100915 is divided by 14116.
2103
What is the remainder when 49725176 is divided by 1244?
8
Calculate the remainder when 389712 is divided by 3337.
2620
What is the remainder when 166412489 is divided by 4?
1
What is the remainder when 47704894 is divided by 4359?
4357
Calculate the remainder when 349392 is divided by 4016.
0
What is the remainder when 1739035 is divided by 809?
494
Calculate the remainder when 45196176 is divided by 11568.
0
What is the remainder when 43909277 is divided by 246?
245
What is the remainder when 264474 is divided by 88069?
267
Calculate the remainder when 18830007 is divided by 576.
567
Calculate the remainder when 422540 is divided by 130.
40
Calculate the remainder when 50737 is divided by 50341.
396
Calculate the remainder when 1264482 is divided by 180.
162
What is the remainder when 3945859 is divided by 177?
175
Calculate the remainder when 186919489 is divided by 267.
265
What is the remainder when 31970 is divided by 2915?
2820
What is the remainder when 13876237 is divided by 1128?
709
Calculate the remainder when 424434 is divided by 84850.
184
Calculate the remainder when 87769 is divided by 1164.
469
Calculate the remainder when 41851 is divided by 41793.
58
Calculate the remainder when 541100 is divided by 41603.
261
Calculate the remainder when 5820154 is divided by 127.
125
Calculate the remainder when 665317 is divided by 332651.
15
Calculate the remainder when 120152904 is divided by 885.
879
Calculate the remainder when 212784143 is divided by 23.
11
What is the remainder when 2609028 is divided by 159?
156
Calculate the remainder when 1981010 is divided by 60030.
20
Calculate the remainder when 101706 is divided by 431.
421
What is the remainder when 2887862 is divided by 320782?
824
Calculate the remainder when 3160694 is divided by 4458.
4430
What is the remainder when 803233 is divided by 1071?
1054
Calculate the remainder when 2069473 is divided by 31.
6
Calculate the remainder when 121331 is divided by 2631.
305
Calculate the remainder when 2998068 is divided by 1735.
1723
Calculate the remainder when 562435 is divided by 35148.
67
Calculate the remainder when 3532661 is divided by 504665.
6
Calculate the remainder when 1825363 is divided by 10996.
27
What is the remainder when 1260690 is divided by 315164?
34
What is the remainder when 96365 is divided by 4013?
53
Calculate the remainder when 3615926 is divided by 9131.
50
Calculate the remainder when 1437405 is divided by 287478.
15
Calculate the remainder when 298160 is divided by 74437.
412
What is the remainder when 28657 is divided by 610?
597
Calculate the remainder when 50457156 is divided by 95.
91
Calculate the remainder when 206300 is divided by 41235.
125
What is the remainder when 789212 is divided by 263047?
71
Calculate the remainder when 58440286 is divided by 49.
44
Calculate the remainder when 6540961 is divided by 869.
867
Calculate the remainder when 445415 is divided by 2274.
1985
What is the remainder when 32503247 is divided by 2440?
7
Calculate the remainder when 1299439 is divided by 649710.
19
Calculate the remainder when 976766 is divided by 63.
14
Calculate the remainder when 271466 is divided by 3267.
305
Calculate the remainder when 2969132 is divided by 742246.
148
Calculate the remainder when 34727709 is divided by 2876.
9
What is the remainder when 9483120 is divided by 5575?
45
Calculate the remainder when 1373123 is divided by 266.
31
What is the remainder when 521221 is divided by 1565?
76
What is the remainder when 150810 is divided by 20984?
3922
Calculate the remainder when 66259775 is divided by 3557.
3536
Calculate the remainder when 64569 is divided by 10609.
915
What is the remainder when 397331 is divided by 1551?
275
What is the remainder when 28771341 is divided by 1022?
1019
What is the remainder when 2882867 is divided by 474?
473
What is the remainder when 738452 is divided by 73770?
752
What is the remainder when 3353058 is divided by 794?
790
What is the remainder when 11136687 is divided by 3875?
3812
What is the remainder when 384328 is divided by 383403?
925
Calculate the remainder when 45128 is divided by 42599.
2529
Calculate the remainder when 1050129 is divided by 2051.
17
Calculate the remainder when 36058598 is divided by 121002.
2
Calculate the remainder when 429652 is divided by 10479.
13
What is the remainder when 263095 is divided by 978?
13
Calculate the remainder when 8420 is divided by 5187.
3233
What is the remainder when 672756 is divided by 222?
96
What is the remainder when 71801463 is divided by 1595587?
48
Calculate the remainder when 1416887 is divided by 286.
43
What is the remainder when 4269060 is divided by 1787?
1704
Calculate the remainder when 3796095 is divided by 633.
627
What is the remainder when 12466342 is divided by 58?
54
What is the remainder when 128383106 is divided by 4?
2
What is the remainder when 335193094 is divided by 220?
214
Calculate the remainder when 3262201 is divided by 482.
25
Calculate the remainder when 1832747 is divided by 270.
257
What is the remainder when 852864 is divided by 3676?
32
Calculate the remainder when 3908403 is divided by 3828.
15
Calculate the remainder when 19839 is divided by 9865.
109
What is the remainder when 407369 is divided by 203587?
195
What is the remainder when 9662 is divided by 920?
462
What is the remainder when 53790066 is divided by 28?
22
Calculate the remainder when 334939 is divided by 26.
7
What is the remainder when 1091474 is divided by 188?
134
What is the remainder when 349241 is divided by 764?
93
What is the remainder when 534773 is divided by 749?
736
Calculate the remainder when 705732 is divided by 773.
756
What is the remainder when 2047495 is divided by 52?
47
What is the remainder when 88777447 is divided by 437327?
66
Calculate the remainder when 51016 is divided by 50459.
557
Calculate the remainder when 190696 is divided by 6718.
2592
Calculate the remainder when 172157875 is divided by 2983.
2979
Calculate the remainder when 100234322 is divided by 58.
56
What is the remainder when 5156418 is divided by 59?
54
Calculate the remainder when 63703409 is divided by 340.
329
Calculate the remainder when 149740 is divided by 6236.
76
What is the remainder when 687103 is divided by 7714?
557
Calculate the remainder when 20422385 is divided by 663.
659
What is the remainder when 41244910 is divided by 13748302?
4
Calculate the remainder when 70378152 is divided by 82410.
12
What is the remainder when 18893529 is divided by 1607?
30
Calculate the remainder when 20496 is divided by 2087.
1713
What is the remainder when 15458202 is divided by 47?
43
Calculate the remainder when 1893634 is divided by 53.
50
Calculate the remainder when 831057 is divided by 6951.
3888
Calculate the remainder when 10221752 is divided by 113.
111
What is the remainder when 1036249 is divided by 21?
4
Calculate the remainder when 34311 is divided by 6859.
16
Calculate the remainder when 678980 is divided by 678652.
328
Calculate the remainder when 1421540 is divided by 10301.
2
What is the remainder when 5091209 is divided by 383?
373
Calculate the remainder